n d is divided by 7?
6
Let s(j) = -j**3 + 4*j**2 + 5*j. Let i be s(5). Suppose i = 7*v - 2*v - 70. Calculate the remainder when 122 is divided by v.
10
Let d = 220 + -120. Let s(i) = i**2 - 5*i - 7. Calculate the remainder when d is divided by s(8).
15
What is the remainder when 532/22 + -1 + (-45)/(-55) is divided by 6?
0
Let w(y) = -16*y - 41. Calculate the remainder when w(-15) is divided by 5.
4
Let u = -238 + 260. What is the remainder when 64 is divided by u?
20
Let c(r) = 2*r**3 + 10*r**2 + 5*r - 2. Let d be c(-4). Suppose -d*p + 2*p = -40. What is the remainder when 9 is divided by p?
4
Let b = -11 - -17. Suppose -2*d + 14 = 5*u - 2*u, 4*d - 44 = 2*u. Suppose 5*s = d + 5. Calculate the remainder when b is divided by s.
0
Let t(w) = -3*w - 2. Let m be t(-4). Let r(o) = -2*o**3 - 2*o**2 - o. Let d be r(-1). Let p = d + m. Calculate the remainder when 30 is divided by p.
8
Let z(h) = h**2 - 9*h + 21. Let y be (-20)/(-2) - (-2 - -6 - 1). What is the remainder when 20 is divided by z(y)?
6
Let q = -45 - -73. Suppose -6 + 2 = -r. Suppose -r*h + 4*o = o - q, -o + 14 = 2*h. Calculate the remainder when 12 is divided by h.
5
Suppose 2*z - 8 = -2*v, -3*v - 13 = -0*v - 2*z. Let f(d) = -24*d + 1. Let h(m) = m**2 - m + 3. Calculate the remainder when f(v) is divided by h(3).
7
Let c = 19 - -1. Let k = c + -16. Suppose f - 51 - 58 = -4*a, -2*a - k*f = -58. What is the remainder when a is divided by 14?
13
Suppose -k - 5*z + 36 = 0, 3*k - 4*z - 40 = -27. Let b(h) = 3*h**3 - 2*h**2 + 2*h. Calculate the remainder when b(2) is divided by k.
9
Suppose 2495*y = 2497*y - 974. Calculate the remainder when y is divided by 49.
46
Calculate the remainder when 125 is divided by (2 - -4)*35/15.
13
Let s(r) = -r**3 - 20*r**2 + 3*r - 24. Let v be s(-20). Calculate the remainder when (v/8)/(6/(-28)) is divided by 25.
24
Suppose 12*u - 562 + 262 = 0. What is the remainder when u is divided by 15?
10
Let l(f) = f**2 - 33*f + 239. What is the remainder when 43 is divided by l(9)?
20
Suppose -5*h + 136 - 36 = 0. Let o(i) = 22*i - 93. Calculate the remainder when o(6) is divided by h.
19
Let w = 1227 - 1210. What is the remainder when 165 is divided by w?
12
Let o be 2*1 - (-5 - 25/(-5)). Suppose 2*s + 6 = o*f, -f + 3*f - 4 = 4*s. What is the remainder when 9 is divided by f?
1
Suppose 0 = 3*t - 5*j - 242, -4*t + 3*j = -2*j - 316. Let m = t + -49. Calculate the remainder when m is divided by 14.
11
Let v be (-568)/(2 - (2 - -1)). Suppose -18*h - v = -2656. What is the remainder when h is divided by 13?
12
Let p(w) = -2*w**2 - 45*w - 119. What is the remainder when 1152 is divided by p(-17)?
64
Let b(h) be the second derivative of -h**4/12 - 4*h**3/3 + 3*h**2/2 + 20*h. What is the remainder when b(-5) is divided by 9?
0
Suppose o + i - 2*i - 201 = 0, 0 = -5*o + 3*i + 1003. Calculate the remainder when o is divided by 7.
4
Suppose -4*o + 111 = 15. Suppose -50*r = -48*r - o. Calculate the remainder when r is divided by 10.
2
Let u = 109 - 96. Calculate the remainder when 426 is divided by u.
10
What is the remainder when 105 is divided by 1/(15/(-220)*-4)*15?
50
Let o(t) = t**3 + 2*t**2 + 12*t + 21. Calculate the remainder when o(5) is divided by 9.
4
Let t(h) = 3*h + 62. Let u be t(-20). Let r(l) = 41*l**2 + 2*l - 6. What is the remainder when r(u) is divided by 42?
36
Let m = 58 - 44. Calculate the remainder when 123 is divided by m.
11
Suppose 0 = -3*j + 3 + 12. Let t = 157 - 268. Calculate the remainder when 87 is divided by (-1)/j - t/5.
21
Suppose -5*s = 4*d - 140, 29*s - 184 = -5*d + 25*s. What is the remainder when 119 is divided by d?
39
Let w(c) = 6*c**2 - 253*c + 51. Let i(b) = -b**3 - 4*b**2 + 4*b - 1. Let v be i(-4). Let f = 43 + v. Calculate the remainder when f is divided by w(42).
8
Calculate the remainder when 638 is divided by 3/(-12)*(-3 - 253).
62
Let c = -160 - -243. Calculate the remainder when c is divided by 42.
41
Let h = -53 + 16. What is the remainder when 33 is divided by (-9)/27*(1 + h)?
9
Suppose 0 = g - 1, 5*d - 4*g = -5*g + 21. Suppose -68 = -d*v - h, -6*v + h = -3*v - 58. Calculate the remainder when 33 is divided by v.
15
Suppose 3*r = -21 - 18. Let m = r - -82. Calculate the remainder when m is divided by 25.
19
Calculate the remainder when (1 + 13)*((-1105)/2)/(-17) is divided by 17.
13
Suppose -3*m + w = -192, -m = -5*m - 4*w + 272. Suppose m = g - 11. Suppose g = 5*v + 16. Calculate the remainder when v is divided by 7.
5
Suppose 3*h = 2*c - 92, 220 = 5*c - 223*h + 218*h. What is the remainder when c is divided by 23?
17
Let d(w) = 6*w**2 - 91*w + 270. Calculate the remainder when 154 is divided by d(3).
1
Suppose 0 = f + 3*f + 5*g - 33, 4 = 4*g. Suppose 5*y - 5 = 0, 3*y + 2*y + 76 = 3*n. What is the remainder when n is divided by f?
6
Suppose 4 = i - 5*g + 3*g, 36 = -4*i - 5*g. Suppose -f = -3*f + 16. What is the remainder when ((-6)/i)/((-6)/(-124)) is divided by f?
7
Suppose 4*q = 88 + 300. Suppose 4 = x, -6*y + y + 178 = 2*x. What is the remainder when q is divided by y?
29
What is the remainder when 1140/9 + 2 + (-7)/(-21) is divided by 34?
27
Suppose -4*m - 32 = 3*f, -m - 4*f - 25 = f. Let b(d) = 5*d + 9. Let c be b(m). Calculate the remainder when (-3)/4 - 604/c is divided by 10.
7
Let h = -36 - -39. Suppose -3*x - h*n - 6 = 0, -3*x - 16 = -5*x + 2*n. Suppose 2*w + 7 = x*w. What is the remainder when 12 is divided by w?
5
Suppose 0 = -0*f + 3*f + 6. Let u be 1/f*(-12)/3. What is the remainder when 1/(3/105) - u is divided by 18?
15
Let t(h) = h**2 - 7*h - 4. Let f be t(8). Suppose f*j + 10 = 6*j. Suppose 4*s - 72 = -2*c, 2*c + 46 = 2*s - 2*c. Calculate the remainder when s is divided by j.
4
Let u(c) = -c**3 - 8*c**2 - 24*c. Let b be u(-5). Suppose l = -i + 4*i - b, 4*i - 73 = -3*l. What is the remainder when 48 is divided by i?
0
Calculate the remainder when 155 is divided by (-635)/(-8) + (-93)/248.
76
What is the remainder when 80 is divided by (-42 - -1)*(-7 + (-6)/(-1))?
39
Suppose 3*a - 8 = 2*a. Let q(o) = o + 5. Let m = -18 + 26. What is the remainder when q(m) is divided by a?
5
Let y(w) = -2*w**2 + 2*w + 1. Let i be y(2). Let b be (i + 4)/(-1 + 0). Let d = b - -6. Calculate the remainder when 12 is divided by d.
2
Let d = 6 - 0. Let u = -3416 + 3417. What is the remainder when d is divided by u?
0
Let q(c) = c - 1. Let s be q(12). Suppose n = 4*m, -4*n = -m - 56 + s. Calculate the remainder when ((-14)/(-6))/(3/45) is divided by n.
11
Let b(g) = 79*g - 331. Calculate the remainder when 127 is divided by b(5).
63
Suppose 534*p = 522*p + 1464. Calculate the remainder when p is divided by 43.
36
Suppose 0 = -o + q + 27, 87 = 4*o + 5*q - 39. Let j be -3 + 13 - (3 + -2). What is the remainder when o is divided by (15 - j)*(-5)/(-2)?
14
Let v(d) = 22*d**2 - 1. Let w(n) = n**2 - n - 1. Let c be w(-1). Let g be v(c). Let z = g + 1. What is the remainder when 87 is divided by z?
21
Let c = -390 - -441. Calculate the remainder when 94 is divided by c.
43
Let v = 108 + -77. Let l(d) = d**3 - 21*d**2 - 20*d - 36. Calculate the remainder when v is divided by l(22).
7
Let f = -235 - -443. Let q = f + -169. Calculate the remainder when q is divided by 2.
1
Let f = -22 - -24. Suppose 4*v + f*o = 88, 4*o = o - 12. Calculate the remainder when 70 is divided by v.
22
Let t = -84 + 89. Let u(h) = 5*h**3 - 1. Suppose 4*j + 0 = 4. Calculate the remainder when t is divided by u(j).
1
Suppose 4*r - 300 = -3*y, 4*r - 3*r + 5*y - 92 = 0. Let k = 172 - r. What is the remainder when k is divided by 26?
22
Let g(w) = -16*w**2 + 80*w + 90. Let o(b) = -3*b**2 + 16*b + 18. Let x(m) = -2*g(m) + 11*o(m). What is the remainder when x(14) is divided by 16?
14
What is the remainder when (-5910)/(-18) - 4*3/36 is divided by 15?
13
Let q(j) = j**2 + 10*j + 16. Let m be q(-2). Suppose 9*c - 4*c - 10 = m, 88 = 3*o - 4*c. Calculate the remainder when o is divided by 11.
10
Let f = -19 - -40. Suppose -5*n - f = -6*n. Let a(r) = 9*r - 10. Calculate the remainder when a(8) is divided by n.
20
Suppose -7 = 2*u - 1. Let f be (-6)/4*20 + u. Let x = f + 95. What is the remainder when x is divided by 16?
14
Let f be 4/10 - 261/15. Let h = -12 + f. Let s = h + 43. Calculate the remainder when s is divided by 5.
4
Let f(r) = r**3 - 2*r**2 - 2*r - 1. Let n be f(3). L